 0*l. Suppose w = 2*p - 2*n - 42, 446 = 4*p + 5*n. Let d = 522 + p. Is d prime?
True
Suppose -11*d = -12*d - 50. Let m be d/(-20)*248/(1 - -1). Let f = m + -151. Is f composite?
True
Let r = -304577 - -459436. Is r prime?
False
Let j = 727 - 651. Suppose -2134 = -78*a + j*a. Is a composite?
True
Let r = 506 + -482. Suppose r*p + 109970 = 34*p. Is p composite?
True
Let l = -216285 - -305938. Is l a composite number?
False
Suppose -6*q + 2*q + 13193 = -d, 5*q = 4*d + 16505. Let f(g) = 12*g**2 - 114*g + 4. Let x be f(-4). Suppose 5*b = q - x. Is b composite?
True
Let n(g) = 60*g**3 + 4*g**2 - g + 4. Let k be n(4). Let q(d) = -2*d**3 + 31*d**2 + 30*d - 207. Let c be q(16). Suppose k + 57 = c*i. Is i a composite number?
False
Let o be (4/14)/((-5)/(-70)). Suppose 0 = -g - 2 - o. Is ((-226)/(-6))/((-2)/g) prime?
True
Let z = -122844 - -238199. Is z prime?
False
Suppose 0 = p + 3*s - 119, 560 - 159 = 3*p - 2*s. Suppose -136 = -b - p. Let v(t) = 2*t**3 + 3*t**2 - 3*t - 12. Is v(b) a composite number?
True
Suppose -175*j - 2365940 + 24031465 = 0. Is j composite?
False
Let z(f) = -88*f**2 + 2*f + 1. Let s be z(2). Let c(r) = -r - 6. Let b be c(-15). Is s*(-3)/b - 10/15 composite?
True
Is ((-820)/(-15))/(68/15657) prime?
False
Let y(l) = -l**2 - 16*l + 2. Let h be y(-16). Suppose 4*p + 1270 = 3*p + 4*m, h*p + 2558 = -m. Let f = p + 1819. Is f a composite number?
False
Let s(i) = -i**3 + 5*i**2 - 37*i + 8. Let f = -152 - -141. Is s(f) prime?
True
Let k be 3 - (-4 - ((-8)/2 + 4)). Let u(v) = 58*v**2 - 14*v + 17. Is u(k) prime?
False
Let r = -85 + 89. Suppose 0 = -16*h + 13*h - s + 752, r*h - 971 = 5*s. Is h composite?
True
Let q = -412 - -420. Suppose q*l - 20118 = 12370. Is l composite?
True
Let j(z) be the first derivative of -21*z**4 + 4*z**3/3 - 2*z + 8. Let b be j(-3). Suppose p - b = -p. Is p a composite number?
False
Let b(p) = 5*p + 4. Let z(d) = 2*d + 8. Let j be z(-5). Let o be b(j). Let h = o - -44. Is h a prime number?
False
Is (-3 - (-7)/1) + 0 + -4 + 108229 a prime number?
False
Suppose -2*l = -8*l + 348. Suppose 0 = 3*d - i - 39, i + l = 5*d - 5. Suppose p - 1115 = 3*y + 413, -4*y = -d. Is p a prime number?
False
Suppose p + 4*c - 5 = 0, 2*p + p + 5*c - 15 = 0. Let d(q) = 21*q - 9. Let h be d(p). Suppose -180 - h = -4*t. Is t composite?
True
Is (-2 + 0 - -114642) + 8 + -22 + 15 a composite number?
False
Let j = 58 + -46. Is ((-90935)/25 + 1)/(j/(-30)) a composite number?
False
Is ((-106817)/(-7))/(118/826) a prime number?
False
Suppose 5*q = 3*c + 4*q + 26, 36 = -4*c + 2*q. Let l(i) = -10*i + 11*i + 7 - 6 - 2*i**3 - 6*i**2. Is l(c) a composite number?
True
Let t be (-84)/39 + (-8)/(-52). Let n be (t/(-3))/((-16)/(-120)). Suppose -n*x - y + 2390 + 1569 = 0, 0 = -5*x + y + 3951. Is x a prime number?
False
Let i(a) = -2*a + 2. Let u be i(25). Let z = u + 54. Suppose -z*k = -5372 - 1462. Is k a prime number?
False
Let v = 8 - 3. Suppose 27 = -v*w - 23. Is (4666/(-4))/(5/w) prime?
True
Let d be (-26 - 10447)*2/(-3). Let b = 11251 - d. Is b a prime number?
False
Let m(n) = 798*n**2 + 40*n + 173. Is m(-12) a composite number?
True
Let b(d) = 133*d**2 + 89*d + 61. Let v(p) = 45*p**2 + 30*p + 21. Let x(s) = 4*b(s) - 11*v(s). Is x(-12) prime?
False
Let f = 2001 - 2000. Let z(o) = 253*o + 18*o + 110*o. Is z(f) a composite number?
True
Suppose -1735955 = -8*m - 15*m + 11582954. Is m a prime number?
True
Let n(s) = -s**2 + 4*s + 35. Let v be n(8). Is (3/((-27)/(-78558)))/(2/v) composite?
False
Is 198803136/192*1/7 prime?
True
Let o be ((-6)/(-4 + -8))/((-1)/(-2)). Suppose -5*t + 7501 = -3*d, -3 = 2*d + o. Is t a prime number?
True
Is 1*-1*(-103552 + 233) a composite number?
False
Suppose -5*w - 28 - 732 = 0. Let j(v) = -v**3 + v**2 + 4*v + 249. Let z be j(0). Let l = w + z. Is l composite?
False
Let n = 17 - 19. Let y be 2*n + (4 + -6 - -3). Let z(b) = -41*b**3 - 6*b**2 - 4*b + 4. Is z(y) composite?
False
Let i(o) = o**3 - 7*o**2 - 6*o - 6. Let l be i(8). Suppose l*f - 11*f = 189. Let w = 130 - f. Is w a composite number?
True
Suppose 2*z + 13 = 5*c - 31, 3*z - 18 = -3*c. Let n be ((45/(-2))/(-3))/(6/c). Is ((-1020)/(-75))/(4/n) a prime number?
False
Let g(q) be the second derivative of 5*q**4/2 + 5*q**3 + 33*q**2/2 + q - 94. Is g(15) a composite number?
True
Suppose x = 4*b - 3*x - 1644, -5*b - 3*x = -2087. Let m = -296 + b. Is m a prime number?
False
Let l(c) = 6*c**3 + 17*c**2 + 32*c + 7. Let y be l(-15). Let u = y - -38193. Is u composite?
True
Let t be (1 - (5 + -3))*1*-40. Let k be (-8)/t + 2 + (-20232)/(-10). Suppose 3*a - 6*a - k = -3*x, 3*x + 5*a = 2057. Is x composite?
True
Suppose 4*x = 3*d + 5*x - 666, 222 = d + 5*x. Suppose 0 = -g + d + 131. Is g a prime number?
True
Suppose 54 = 9*i - 0*i. Suppose -i*x + 31566 = -28200. Is x composite?
True
Let s(u) = -8*u**2 - u - 1. Let c be s(-1). Let y be 4/(c/(-599))*2. Suppose 5*p - 1040 + 29 = -2*j, -3*p - 5*j = -y. Is p a prime number?
False
Suppose 0 = 284*v - 328*v + 967076. Is v a prime number?
False
Suppose -1665*h - 2483902 = -1685*h + 7838638. Is h a prime number?
True
Let a(h) = -h + 1. Let w be a(1). Suppose w = 5*c - 2 - 3, q + 2*c = 9. Suppose q*j = 4*j + 3639. Is j a composite number?
False
Is ((-690)/(-45))/(-46) + 1/((-6)/(-889040)) prime?
False
Let z = 11150 + -6538. Let k = z + 8553. Is k composite?
True
Let q(v) = -4429*v + 5434. Is q(-25) composite?
False
Suppose 0 = -s + 13*s - 54336. Suppose 0 = 3*c + 2*z - 5*z - 6795, s = 2*c - 3*z. Is c prime?
True
Let o = 30 - 26. Suppose 5*p - h = 14318, 0 = o*p - 3*p - 5*h - 2878. Is p a composite number?
True
Let q = -373 + 377. Let w(o) be the second derivative of 35*o**3/2 + 25*o**2/2 - 3*o. Is w(q) a composite number?
True
Is (-414)/1449 - (-2551075)/7 composite?
True
Suppose -12600 = 13*c + 17*c. Is ((-5)/(c/48))/(4/12278) composite?
True
Let m be 1 - (-2 + -1 + 3). Let x(k) = 0 - 19*k + 24*k - m + 16*k**2 - 12. Is x(-8) composite?
False
Let z(o) = -886*o**3 - 23*o**2 - 73*o + 1. Is z(-4) prime?
True
Let x = -87050 - -135123. Is x a prime number?
True
Let d = 126340 + 345099. Is d composite?
False
Let w(u) = -3*u**2 + 56*u + 121. Let o be w(-2). Let v(l) be the third derivative of -l**6/60 + l**5/15 + l**4/8 - 2*l**3/3 - l**2. Is v(o) composite?
True
Suppose -37*y = 3*y - 15440. Let z = y + 2819. Is z prime?
False
Let m = -151 + 171. Suppose -m*u + 1015 = -13*u. Is u a composite number?
True
Suppose x = -2*g - 1537, -6*g + 2*g = -3*x - 4651. Let t = x - -4066. Is t a composite number?
False
Suppose 1443107 - 3012305 = -169*j + 1326955. Is j composite?
False
Let g = -10 + 38. Let m = g - 24. Is (((-72915)/4)/15)/((-1)/m) a prime number?
True
Let h(n) = -11*n**3 - 2*n**2 - 14*n - 12. Suppose j + 7 = g, -2*j - 2*g = 15 + 7. Is h(j) composite?
True
Let b(x) = x**3 + 15*x**2 - 16*x + 2. Let j be b(-16). Suppose 0 = -j*g - g + 9. Suppose g*v - 218 = v. Is v prime?
True
Let s(x) = x + 7. Let r be s(-14). Is (r - -6)/(2/(-3126)) a prime number?
False
Let h(b) = 8635*b**3 - 5*b**2 + 2. Let z be h(-2). Is 35/(-45) - -1 - z/18 a prime number?
False
Let v be -18*(2/3 + -1). Suppose 2*f + 0*f - v = 0. Suppose 0*n - 2*y - 4386 = -4*n, f*n = -4*y + 3317. Is n a prime number?
False
Suppose 4*i - 177935 = -24*h + 27*h, 3*i = -4*h + 133445. Is i a prime number?
True
Let p = 816299 - -126338. Is p prime?
True
Let x(d) = -171*d - 2. Let t be x(-1). Let m(r) = 2*r + 10. Let u be m(22). Let s = u + t. Is s a prime number?
True
Let f be (-8)/(-3) - (-5)/15. Is (-60949)/(-21) - 1/f - 3 prime?
False
Is 1901180/(-30)*(-3)/2 prime?
False
Suppose -192*g - 14811223 + 65014039 = 0. Is g composite?
True
Let y(f) = 3*f**3 + 8*f**2 - 10*f + 5. Let k(d) = -16*d**3 - 41*d**2 + 50*d - 25. Let t(x) = -2*k(x) - 11*y(x). Let p = 571 - 583. Is t(p) a composite number?
False
Let w = 480 - 492. Is (-3566)/(-3) - w/36 a composite number?
True
Let d be 4277 - (-1)/2*4. Let t be d*((7 - 2) + -2). Suppose -t = -15*n + 4*n. Is n a composite number?
True
Suppose -2*v - 181 = -5*n - 76, 0 = 3*v + 2*n + 148. Is v/30*29586/(-10) a composite number?
False
Suppose -12*y + 3*m = -5923326 - 7998975, 3*y - 3480564 = -3*m. Is y prime?
False
Let y = -81 + 85. Suppose -m - y*o + 29 = -469, 5*m - 2511 = o. Is m prime?
False
Let z = 17833 + 59116. Is z a composite number?
False
Let w(s) = s**